he prime factors of (-10*(f - -2))/(-2)?
5
Let c be (20/12 + -4)/((-4)/132). Let i = c + 40. List the prime factors of i.
3, 13
Let n(o) = 2*o**2 - 225 - 8*o**2 + 213 - o**3. Suppose -k = -5*k - 28. What are the prime factors of n(k)?
37
Let t(w) = -w**3 + 2*w**2 + 2*w - 4. Let n be t(2). Suppose 3*z + 2*z + 50 = n. List the prime factors of (-202)/z + (-1)/5.
2, 5
Let i(n) = n**3 - 12*n**2 - 17. What are the prime factors of i(13)?
2, 19
Suppose -3*s = -15, 5*m = 4*s - 0*s + 10. Suppose -251 = -m*p + 313. What are the prime factors of p?
2, 47
List the prime factors of ((-128)/(-6) + 3)*(23 + 1).
2, 73
Let b be 1860*2/20*5. List the prime factors of 1*11/(55/b).
2, 3, 31
Let r = 161 - -65. List the prime factors of r.
2, 113
Let p(z) be the first derivative of 2 - 3/2*z**2 - 5*z + 4/3*z**3. List the prime factors of p(4).
47
Suppose -2*p = 835 - 5879. Suppose -4*s = 9*s - p. List the prime factors of s.
2, 97
Suppose -84 = -0*m - m. Suppose 4*c = -4*f + m, 3*f + 5*c = 23 + 42. List the prime factors of 10/((-56)/f + 3).
2, 5
Let g(d) = -4*d**2 + 3*d**2 + 136 + d**3 + 91 - d - 43. Let p be g(0). Let s = -124 + p. List the prime factors of s.
2, 3, 5
Suppose 0 = -7*k - 135 - 5. Let g(o) = -7*o - 43. What are the prime factors of g(k)?
97
Suppose 2*a + 10 = a + 4*n, -2*n = 2*a - 10. Suppose 0 = -a*p + p - 5*v + 114, -402 = -3*p + 5*v. List the prime factors of p.
3, 43
Let a(t) = -29*t**2 + 28*t - 23. Let w(o) = 10*o**2 - 9*o + 8. Let m(f) = -4*a(f) - 11*w(f). List the prime factors of m(3).
19
Suppose -h - 25 = -3*i, h + 0 = 5. Suppose g - o = 3 - 1, -5*g = -o - i. Suppose 4*n = -g*z + 24, 0 = -n + 2*n - 1. What are the prime factors of z?
2, 5
Let v = -54 + 54. Suppose v*l + 5*l = 150. List the prime factors of l.
2, 3, 5
Suppose -9 = -3*b, -2*z - 17*b = -16*b - 2263. List the prime factors of z.
2, 5, 113
Suppose -5*g = 147 - 477. Suppose 0 = 3*b - g - 3. Suppose -3*a = -4 - b. What are the prime factors of a?
3
Let v = -38 - -32. What are the prime factors of (-3 - v) + (1 - -2)?
2, 3
Let s be (1*-4 - -1)*(24 - 25). Let f(o) = 63*o**3 + o**2 - o. Let t be f(1). Suppose g - 3*u = -1, -s*g = u + 16 - t. List the prime factors of g.
2, 7
Let d(i) = 5*i**2 - 9*i + 37. What are the prime factors of d(-7)?
3, 5, 23
Let a = 4822 + -3392. List the prime factors of a.
2, 5, 11, 13
Suppose 9*b - 7*b = -n + 1615, 0 = 2*n - 2. What are the prime factors of b?
3, 269
Let k = 75 - 46. Suppose 0*l + 4*b - k = -l, 5*b - 7 = l. What are the prime factors of l?
13
Let j be (8/(-3))/((-7)/21). Let c = -8 + j. Let n(f) = f**3 + f**2 + 11. List the prime factors of n(c).
11
Let b = 47 + -83. Let w = b + 38. What are the prime factors of w*(-4 + 7 + 3)?
2, 3
Let v = -6 + -2. Let z = 14 + v. Suppose 0 = -w + z*w - 25. List the prime factors of w.
5
List the prime factors of 471*-1*580/(-174).
2, 5, 157
Let x = -7 + -16. Let o = -2 - x. Let z = o - 1. List the prime factors of z.
2, 5
Let v be (5/(-1))/(5/45). List the prime factors of (-55)/v - 1 - (-320)/18.
2, 3
Let b = 605 + -969. What are the prime factors of 3/(-2)*b/6?
7, 13
Suppose 11*y - 159 = 391. List the prime factors of y.
2, 5
Suppose 3*y + 15 = 0, -117*y + 115*y + 26238 = 4*i. What are the prime factors of i?
2, 17, 193
Let n be (0*2/4)/(-1). Let v(b) = -5*b**3 + 35 - 16*b**3 + b**2 + 22*b**3. What are the prime factors of v(n)?
5, 7
Let j = 439 - -1409. List the prime factors of j.
2, 3, 7, 11
Let f be (-6)/(-12) - 2/4. Let c = f - -14. Suppose -5*x + 6 = -d, x - c = -3*d - 0*d. What are the prime factors of d?
2
Let k = 1854 + -1667. What are the prime factors of k?
11, 17
Suppose -10*n = 4 + 6. What are the prime factors of (91 - 0)/(1/((-1)/n))?
7, 13
Suppose 10*b + 124 = 6*b. What are the prime factors of (4/12*b)/(2/(-12))?
2, 31
Suppose -4*j = -2123 + 819. List the prime factors of j.
2, 163
Suppose 2*q - 256 = -0*q. Let m = 202 - 199. Suppose -m*y = -y - q. List the prime factors of y.
2
Let p = -8 - -11. Suppose -1 = 3*r + 4*b, -6*r = -3*r + 3*b + p. Let a(k) = 2*k**2 - 2*k - 1. What are the prime factors of a(r)?
23
Suppose -6*m + 4*m = 8. Let t be 1*(-3 + m/(-1)). List the prime factors of 2/(-4)*-46 + t.
2, 3
Suppose -3*h - h + 325 = -y, 3*h + 353 = -y. Let p = y + 551. List the prime factors of p.
2, 3, 5, 7
Suppose 141 = -3*r + 564. What are the prime factors of r?
3, 47
Suppose -3*m + 1105 = 2*i, -4*i - 40*m + 2214 = -38*m. What are the prime factors of i?
2, 277
Let n(k) = k**2 - 12*k + 14. Let j be n(11). Let y = j - -15. Let a = 65 - y. List the prime factors of a.
47
Suppose -4*c - 2*k - 3*k = -305, 5*k = 5*c - 370. Suppose 4*d - 177 = c. What are the prime factors of d?
3, 7
Let b(a) = 23*a**2 - 2*a + 1. Let v be b(1). Suppose -5*k + 43 = -v. List the prime factors of k.
13
Suppose g = q + 8, -5*g + 29 = -4*q - 0*g. Let j(v) = v**3 + 11*v**2 - v - 2. List the prime factors of j(q).
3
Suppose 5*y = x - 2*x + 3501, 3*y = -5*x + 2083. Suppose y = -15*r + 3671. What are the prime factors of r?
2, 3, 11
Let o be 1 + 3 + -2 + 6. Suppose 2*d + o*d - 1180 = 0. What are the prime factors of d?
2, 59
Suppose -10*z + 7*z + 1590 = 0. List the prime factors of z.
2, 5, 53
Suppose -3*v + 2*b = -11469 + 1949, v - 3166 = -3*b. What are the prime factors of v?
2, 13, 61
Let w = -1 - -5. Suppose -5*y = -w*r + 16, -3*r - 4*y = y - 12. Suppose o = -4*u + 41, r*u = o - 5*o + 104. List the prime factors of o.
3, 7
Let p(r) = 440*r. List the prime factors of p(2).
2, 5, 11
Let z = -313 + 481. What are the prime factors of z?
2, 3, 7
Let r(b) = -b**3 - 21*b**2 - 21*b - 3. Let f be r(-20). Suppose -f*j = 494 - 4812. List the prime factors of j.
2, 127
Let p = 403 - 439. Let w be (2 + -9)*(-24)/14. What are the prime factors of ((-63)/w + 4)*p?
3, 5
Let o = 789 - 339. List the prime factors of o.
2, 3, 5
Let i = 21 - 28. Let k = i - -54. What are the prime factors of k?
47
Let l be (5 - 1 - 1) + 0. Suppose 0 = -l*j - 2*j + 175. Let t = -19 + j. List the prime factors of t.
2
List the prime factors of 1756/3 + ((-196)/21 - -9).
3, 5, 13
Suppose -2*f + 9 = -f + 2*n, 2*f = 4*n - 22. Suppose 2*d + 2*j - j = -236, 5*j = 20. What are the prime factors of f*(1 - d/(-4))?
29
Let t be (-3 + 2)*(1 + 5/1). What are the prime factors of (1 - t/10)*(-8 + 13)?
2
Suppose 2*f + 60350 = 27*f. List the prime factors of f.
2, 17, 71
Suppose s + 18 = 3*q + 2*q, -4*q + 5*s + 6 = 0. Suppose -2*o + 406 = 4*v, q*v - 436 = 4*o - 0*o. List the prime factors of v.
2, 13
Suppose -4*j - 4*a = 92, -19 + 0 = j - 3*a. Let k = j - -34. Suppose -k = -4*x + 4. List the prime factors of x.
2
Suppose 3*q + 3*y - 9939 = 0, 5*y = 27*q - 23*q - 13252. List the prime factors of q.
3313
Let i be -2 + 3*21/9. Suppose 4*t = -3*o + i, 2*t - 2 = 4*o + 6. Suppose t*r - 33 + 3 = 0. What are the prime factors of r?
3, 5
Let p(g) = -20*g - 8. Let d(v) = v**2 + 15*v + 29. Let n be d(-12). What are the prime factors of p(n)?
2, 3, 11
Let t(w) = -67*w - 18. List the prime factors of t(-64).
2, 5, 7, 61
Let u be 8/3 + 22/66. What are the prime factors of (1/3)/(u/18)?
2
Let q(v) = 5*v**3 - 3*v**2 + 2*v + 1. Let l = 2 + 22. Let k = -22 + l. What are the prime factors of q(k)?
3, 11
Let q = -16 + 20. What are the prime factors of -3 + (24 - q - -4)?
3, 7
What are the prime factors of (-40458)/22*2*2/(-12)?
613
Suppose 0 = -2*v - 5*d + 495, -2*v + 4*d = -7*v + 1195. What are the prime factors of v?
5, 47
Let g be ((-5)/(20/(-21)))/(6/32). Suppose -t + 123 = g. List the prime factors of t.
5, 19
Let h = 20 + -17. Suppose 8 = 5*a - h*y - 27, 3*a = 3*y + 15. List the prime factors of a.
2, 5
Let b be 15*(0 - -3 - (-352)/48). Let q = 325 - b. What are the prime factors of q?
2, 5, 17
Suppose 4*w + 35 = p + 2*p, -5*w + 4*p - 43 = 0. Let f = -1 - w. Suppose -168 = 3*c - f*c. List the prime factors of c.
2, 3
Suppose -25*j + 229539 = 32*j. List the prime factors of j.
4027
Let b(g) = -g**3 + 24*g**2 + 22*g - 90. What are the prime factors of b(18)?
2, 3, 5
Suppose 4*o + 5 = 25. Suppose o*y + 4*r - 141 = 2*y, 0 = 2*y - r - 83. List the prime factors of y.
43
Let v = 32 + -12. Suppose 3*z = -y + 47 - 3, -5*y = v. Suppose 0*j + z = 2*j. What are the prime factors of j?
2
Let v(u) = u - 21. Let b be v(15). Let r be 6/2 + b - -7. Suppose -56 = -8*z + r*z. List the prim